t the prime factors of d.
11, 13, 17
Let y(z) be the third derivative of z**6/60 - z**5/15 + 7*z**4/12 - 5*z**3/2 - 156*z**2. What are the prime factors of y(7)?
3, 191
Let m be 300/(-210) + 4/(-7). Let s(g) = -427*g - 51. What are the prime factors of s(m)?
11, 73
Let d be 428*(-6)/72*-9. Suppose 6*u = 1509 - d. List the prime factors of u.
2, 3, 11
Let o(r) = -6*r - 8. Let t be o(-2). Suppose 3*u - 42 = t*u. Let j = 76 - u. List the prime factors of j.
2, 59
Suppose -10*w = 9*w - 152. Suppose w*a - 4*a - 2174 = -2*l, 0 = l + 4*a - 1095. What are the prime factors of l?
13, 83
Suppose 2*a + 2*g - 16 = 0, 0 = 7*a - 2*a - g - 28. Suppose 0 = 4*y - a*y + 24. What are the prime factors of 3/9 + 632/y?
53
Suppose -248*u + 405864 = -32*u. List the prime factors of u.
1879
Suppose -5*v - 5*a + 1865 = 0, 2*v = -3*a + 420 + 327. Let x = v + -73. List the prime factors of x.
13, 23
Suppose -19584*j = -19565*j - 334020. What are the prime factors of j?
2, 3, 5, 293
Let q(y) = -8*y - 17. Let a(i) be the first derivative of -8*i**2 - 33*i + 7. Let f(n) = 4*a(n) - 7*q(n). List the prime factors of f(-7).
43
Suppose 10303 + 70167 = 7*x - s, -5*x = -3*s - 57490. List the prime factors of x.
5, 11, 19
Suppose -k - 2*t - 7 = t, -5*k - 3*t = -1. Suppose -2*l - 1271 - 1133 = -4*z, k*z - 1182 = -4*l. List the prime factors of z.
599
Suppose 5*r = 3*r + 28. Suppose r*b - 17*b = -72. What are the prime factors of (1 - (-10)/2) + b/12?
2
Suppose -33*k + 32*k + 5*v + 6871 = 0, 3*k - 2*v - 20600 = 0. What are the prime factors of k?
2, 3433
Suppose 0 = 7*z - 10*z + 45. Suppose -3*p = -z + 9. Suppose -4*g = -3*t + 5*t - 1218, -p*t = 5*g - 1521. What are the prime factors of g?
3, 101
List the prime factors of -6*44/198 - 31448/(-6).
2, 5, 131
Let d(f) = -24*f + 13*f - 29*f - 2*f + 36. What are the prime factors of d(-22)?
2, 3, 5
Suppose -95*d + 57*d + 20900 = 0. List the prime factors of d.
2, 5, 11
Suppose 59*z = 125*z - 1040490. What are the prime factors of z?
3, 5, 1051
Suppose 4*q - 190054 = -3*g, 2*g - 35601 = -3*q + 106938. List the prime factors of q.
7, 11, 617
Suppose 188*h - 185*h = 10722. What are the prime factors of h?
2, 1787
Suppose 0 = 52*v - 56*v - 5*i + 125881, v - 4*i - 31507 = 0. List the prime factors of v.
3, 7, 1499
Let x(h) = h**2 + h - 48. Let v be x(7). Suppose v*l - 11358 = -10*l. List the prime factors of l.
631
Let v be (4/(-2) - -4) + 378. Suppose 0 = 9*w - 5*w + 2*b - v, -3*b = -w + 88. List the prime factors of w.
2, 47
Suppose 4*w - 616 = 988. Suppose -6*p = -w - 1651. Suppose 5*b - p = -4*l + 3*b, -5*l + 4*b + 421 = 0. List the prime factors of l.
5, 17
Let c(u) be the third derivative of 19*u**4/24 - 101*u**3/6 - 43*u**2. List the prime factors of c(24).
5, 71
Let l(b) = -b**3 + 12*b**2 + 9*b + 8. Let n be l(6). Let o = 249 + n. List the prime factors of o.
17, 31
Let w = 221 + -1154. Let z = -503 - w. What are the prime factors of z?
2, 5, 43
Suppose -4*n - 3385*g + 3381*g + 15076 = 0, 3*n - g - 11315 = 0. What are the prime factors of n?
3, 419
Let y(w) = -w - 1. Let u(o) = -2*o**2 - 2*o - 14. Let s(j) = -u(j) + 2*y(j). What are the prime factors of s(12)?
2, 3, 5
Let r(x) = -27*x - 24. Let h be r(-2). List the prime factors of h/60*(2 + 3432/1).
17, 101
Let n = 1290 - -14199. What are the prime factors of n?
3, 1721
Suppose -668*o + 688*o = 80460 + 31500. What are the prime factors of o?
2, 3, 311
Let w(z) = z**2 + 216*z - 42. What are the prime factors of w(13)?
5, 587
Let r be (-3)/(12/(-8) + 0). Let b(w) = 239*w**3 - 4*w**2 + 1. What are the prime factors of b(r)?
7, 271
Let s be 3/((1 + (-15)/18)/(-48)). Let f = -611 - s. Let k = -181 + f. What are the prime factors of k?
2, 3
Let a(l) = -l**3 - 15*l**2 - 15*l - 11. Let t be a(-14). Let d(m) = -2*m**t - 9 - 7*m**2 - 2*m**2 - 15*m + 3*m**3. What are the prime factors of d(11)?
2, 17
Let w(x) = 136*x**2 - 176*x + 1. What are the prime factors of w(11)?
13, 1117
List the prime factors of ((-2 - -1) + -1261)*(7 - (-95)/(-10)).
5, 631
Let m(o) = 17644*o**3 - 4*o**2 - 5*o + 5. What are the prime factors of m(1)?
2, 3, 5, 7
Let m = -10 + 5. Let o(l) = 3*l + 2 + 16*l + 22 - 31*l. List the prime factors of o(m).
2, 3, 7
Let k = -1284 - -5369. What are the prime factors of k?
5, 19, 43
Suppose g + 5*u - 7864 = 0, 4*g - 1755 = -2*u + 29629. List the prime factors of g.
2, 37, 53
Let z = 2927 + 116. Suppose -c + 3*c - z = -3*q, -5*c = 5*q - 7620. What are the prime factors of c?
11, 139
Let w = 734 - -3812. What are the prime factors of w?
2, 2273
Let u be (-3028)/(-10) - (-3 - 182/(-65)). Let i = u + 60. What are the prime factors of i?
3, 11
Let w(j) = -26*j + 91. Let r be w(-14). Suppose 0 = -29*g + 28*g + r. List the prime factors of g.
5, 7, 13
Let k be (-255)/51 + -1 + 0 + 6. Suppose 3*x - 13*x + 2230 = k. What are the prime factors of x?
223
Let v = 161 + 88. List the prime factors of v - 0/(7 + -13).
3, 83
Suppose 17 = 4*w - 3*m, 26 - 9 = -w + 5*m. Suppose -3*v + 523 = 2*g, -v + 170 = -3*g - w. List the prime factors of v.
5, 7
Suppose -90*r + 65274 = -57*r. List the prime factors of r.
2, 23, 43
Suppose -9*g + 5349 - 15042 = 0. List the prime factors of -1 - g - 0 - 805/161.
3, 7, 17
Let q(s) = -24336*s + 681. What are the prime factors of q(-2)?
3, 16451
Let m = 126 + -136. Let x be (12/m)/((-39)/30 - -1). Suppose -x*d + 3*d = -246. List the prime factors of d.
2, 3, 41
Let t(c) = 8*c - 45. Let s be t(6). Suppose s*y = 9*y - 1476. What are the prime factors of y?
2, 3, 41
Suppose 0 = 201*v - 66*v + 396748 - 1113328. List the prime factors of v.
2, 1327
Let b(o) = 5*o - 5*o + 28 + 1 - 11*o. Let k be b(14). Let a = -52 - k. List the prime factors of a.
73
Let s be ((-4)/8)/(2*(-3)/(-72)). Let r be ((-8)/s)/(4/6). Suppose r*i + 4*y - 116 = 0, 4*y + 304 = 4*i + i. What are the prime factors of i?
2, 3, 5
Suppose -p = -13*j + 10*j - 11579, -5*p = 2*j + 7691. List the prime factors of (-5)/2*17/(255/j).
643
Suppose 5*q = 2*l - 4 - 3, l = -2*q + 8. Let k(g) = 5*g**2 + 16*g - 115. List the prime factors of k(l).
7, 23
Let o = -5 + 7. Suppose -c + b = o*c - 302, -3*b - 15 = 0. Suppose -c = -7*k + 272. What are the prime factors of k?
53
Let y(l) = 68*l - 12 + 78*l - 134*l. Let w be y(4). Suppose 2*p = -5*z + 4*z + w, -5*p = -3*z - 101. List the prime factors of p.
19
Let d = 50010 + -30981. List the prime factors of d.
3, 6343
Suppose 24*r = 201*r - 771139 - 355289. List the prime factors of r.
2, 37, 43
Let x(u) = 13*u**3 - 9*u**2 - 31*u - 3. List the prime factors of x(10).
3, 3929
Suppose 2*c = 69 + 21. Suppose -33 + c = 2*u. Suppose -305 = -u*p + p. What are the prime factors of p?
61
Let f(y) = 2*y**3 + 144*y**2 - 29*y + 238. List the prime factors of f(-70).
2, 7, 11, 71
Suppose -4*j - 25 = -9*j. Let w(k) = k**3 - 5*k**2 + 2*k - 6. Let b be w(j). Suppose b*p = 4*m + 24, -12 = m - 4*m. What are the prime factors of p?
2, 5
Let q(h) = 6*h**3 - 14*h**2 + 39*h + 2. List the prime factors of q(10).
2, 3, 13
Let w(b) = -83*b**3 - 2*b**2 - 18. List the prime factors of w(-6).
2, 3, 991
Let z(a) = 51*a - 4. Let w be z(-1). Let c = 52 + w. List the prime factors of (c - 184/12 - 1)*-9.
2, 3, 29
Let i = 58 + -65. Let g(y) = -12*y + 24. List the prime factors of g(i).
2, 3
Let j be 12/40*6 + (-2)/(-10). Suppose -3*f = -3*y + 3 + 15, j*f + 5 = -5*y. List the prime factors of (y + (-430)/6)*12/(-8).
2, 53
Let v(w) = 114*w - 50. Let o be v(5). Let c = -363 + o. What are the prime factors of c?
157
Suppose 23*n - 25*n + 9356 = 0. Suppose 7*i - n = -891. What are the prime factors of i?
541
Suppose -23*y = -24*y - 1756. Let k = y + 2606. List the prime factors of k.
2, 5, 17
Suppose 7 = 4*b - 1, 7 = 3*p - b. Suppose -3*z - 20 = 2*z, p*d + 4*z = 5. Suppose d*j - j = 450. List the prime factors of j.
3, 5
Let r(i) = 8773*i**2 - 191*i - 388. List the prime factors of r(-2).
2, 53, 331
Suppose x + 2408 = 4*x - b, -1602 = -2*x + 4*b. Suppose x = p + 5*v, p + 2*p = 4*v + 2333. List the prime factors of p.
3, 29
Suppose -9904 - 5036 = -10*o. List the prime factors of 5 + (-5 - 9/(-3)) + o.
3, 499
Let u = -11136 + 29132. List the prime factors of u.
2, 11, 409
Suppose -7429 - 7493 = -2*t - 2*s, 37319 = 5*t - 2*s. What are the prime factors of t?
17, 439
Let c(b) = b**2 - 2*b - 1. Let n be c(3). Let 